*x + y. What is the tens digit of x?
5
Let x be 24*((-21)/(-9) - 3). Let g = 17 + x. Let h(w) = 4*w**2 + w. What is the units digit of h(g)?
5
What is the tens digit of (-4 - (0 + -1))/((-6)/392)?
9
Suppose 0 = 39*d - 45*d + 8964. What is the thousands digit of d?
1
Let n be (96/20 - 4)/((-4)/(-10)). Suppose 105 = y + n*y. What is the tens digit of y?
3
What is the units digit of (-2 - 39/(-12))/(19/1140)?
5
Let z(d) be the first derivative of -d**2/2 + 8*d - 1. Suppose 0 = -20*j + 15*j. What is the units digit of z(j)?
8
Let p = -142 - -228. Let r = p + -38. What is the tens digit of r?
4
Let f = 759 + -17. What is the tens digit of f?
4
Let b be ((-2)/(-2) - -7) + -3. Let k be (b + -2)/(-3) + -2. What is the units digit of 1 + ((-24)/4)/k?
3
Let d(s) = -s**3 + 11*s**2 - 13*s - 2. Let n(m) = 1 - 6 + 4 - 3*m + m**2. Let c be n(5). What is the tens digit of d(c)?
4
Suppose -18 - 6 = 3*g. What is the tens digit of (-72)/15*20/12*g?
6
Suppose 0 = 118*v - 124*v + 7182. What is the tens digit of v?
9
Let y be 4 + -5*(-1 - (573 - 1)). Suppose 12*s - 95 = y. What is the units digit of s?
7
Suppose -13*c + 38*c - 65075 = 0. What is the units digit of c?
3
Let n be (-3510)/80 + (-2)/16. Let l = 20 - n. What is the units digit of l?
4
Let v(n) = n**3 - 3*n**2 + 8*n - 5. What is the units digit of v(5)?
5
Let b be 9/(-6)*(-1 - 5). Suppose 5*h + 15 = 0, h + b = -0*j - 3*j. What is the tens digit of (66/8)/(j/(-8))?
3
Suppose 0 = 2*n - 5*k, -k = -n - 0*n. Suppose 5*b - 19 - 6 = n. Suppose -25 = -5*a + b*v, 0*a - 3*v = 3*a - 33. What is the units digit of a?
8
Let l(q) = 267*q + 634. What is the thousands digit of l(8)?
2
Let k = -82 + 49. Let a = -32 - k. What is the units digit of 35 - -3 - (1 - a)?
8
Let v = -13 + 23. What is the units digit of ((v/8)/1)/((-1)/(-48))?
0
Let t = -430 - -1061. What is the hundreds digit of t?
6
Suppose -8*f = -9*f - 1. What is the tens digit of ((f - -2) + 72)*1?
7
Let i(x) = -x**3 + 9*x**2 - 7*x - 6. Let q be i(8). Suppose 0 = 5*h, q*c - 7*c = -2*h + 15. Let v = 64 - c. What is the tens digit of v?
6
Let t be 140/12 + (-4)/(-12). Let i = 12 - t. Suppose i = 4*g + 3*v - 38, -5*v + 24 + 21 = 5*g. What is the tens digit of g?
1
Let c(t) = -2*t**2 - 15*t + 1. Let s be c(-7). Let b be (-14)/(-18) - s/(-36). What is the units digit of (-3 - (-2)/b)*-65?
5
Suppose -y = 2*v - 5*y - 60, -2*y = -2*v + 60. Let m be ((-1)/1)/(2/18). What is the tens digit of 45*-4*m/v?
5
Let g(f) = 7*f**2 - 2*f - 2. Let u(x) = 6*x**2 - 2*x - 2. Let o(s) = -5*g(s) + 6*u(s). Let c be o(-2). What is the units digit of -6*-1*c/4?
9
Suppose 3*j - 7 = 23. Let m = j - -37. What is the tens digit of m?
4
What is the tens digit of (-4)/(-8) + 2553/6?
2
Suppose -r = -y + 11, 0 = -2*r + 4 - 6. Suppose -4*b - 2*a = 3*a + y, -2*b = a + 2. What is the units digit of -1 + b - (-1 - 2)?
2
What is the hundreds digit of ((-1)/2)/(54/(-264276))?
4
Let l(z) = -189*z - 101. What is the hundreds digit of l(-8)?
4
Let s(k) = 2*k**2 + 3*k - 7. Let g be s(10). Let m = g + -138. What is the units digit of m?
5
Let n be (-1)/(4 + 17/(-4)). Suppose 0 = 2*k + 4*d - 196, 5*d = n*k - 507 + 128. What is the tens digit of k?
9
Let m = 1263 + -510. What is the hundreds digit of m?
7
Let r(o) = o**2 + 16*o - 153. What is the units digit of r(7)?
8
What is the tens digit of (-159)/6*(4 + -3)*-58?
3
Let g = -1832 + 3376. What is the hundreds digit of g?
5
Let j(x) = -x**3 + 1. Let k(m) = -5*m**3 + 8*m**2 - 5*m + 3. Let d(c) = -4*j(c) + k(c). Let v be d(8). Let s = 12 - v. What is the units digit of s?
3
What is the units digit of (1137/(-9))/(-2 + 11/6)?
8
Suppose -n + 4 = 0, n = k - 0*n - 3. Suppose -k*j = -12*j - 430. Let z = j + 133. What is the tens digit of z?
4
Let f = 20 - 16. Let l(s) = -s**3 - 3*s - 2. Let o be l(-3). What is the units digit of o - 12/f - 0?
1
Let j = 263 - 150. What is the units digit of j?
3
Let d be 64/36 - (-4)/18. Let r(n) = 2 - 15*n**3 - 3 + d*n + n - 4*n. What is the tens digit of r(-1)?
1
Let d be ((-24)/(-10))/(3/40). Let f be d/(-24)*102/(-2). Suppose 0 = 4*y - 188 + f. What is the units digit of y?
0
Suppose 7*g = 330 + 629. What is the hundreds digit of g?
1
Suppose 3*f = -2*p + 729, 3*p + 2*f = -0*p + 1096. What is the hundreds digit of p?
3
Let k(w) = w + 12. Let h be k(-10). What is the tens digit of 5/(15/7 - h)?
3
Let t(u) be the third derivative of 13*u**4/24 - 4*u**3/3 - 3*u**2 + 7. What is the hundreds digit of t(20)?
2
Suppose -2*h - 10 = -2*s - 2*s, 5*s = 3*h + 13. Suppose s*r = 44 + 34. What is the tens digit of r?
3
Suppose -3*m + 1940 = 575. What is the units digit of m?
5
Let n(c) = -c**2 + 3*c + 8. Let v be n(-4). Let d be ((-12)/v)/(1/5). Suppose -d = -2*g + 65. What is the units digit of g?
4
What is the units digit of (7 - -2761) + -4 - 9?
5
Let k(v) = v**3 - 10*v**2 + v - 7. Let q be k(10). Let m(t) = 0 + 0*t - t - q - 2. What is the units digit of m(-8)?
3
Let k(l) be the second derivative of 11*l**3/6 + 73*l**2/2 - 2*l + 20. What is the units digit of k(13)?
6
Suppose 2 = a - 5. Let u(t) = t**2 - 18*t. Let n be u(18). Suppose -w - a*w + 376 = n. What is the units digit of w?
7
Let t(z) = -53*z - 5. Let o be t(3). What is the tens digit of 4*(o/(-8) + 1) + -1?
8
Let o be 6*3*(-2)/(-4). Suppose -4*j - 11 + 19 = 0. Suppose 0 = j*l - 11 - o. What is the tens digit of l?
1
What is the units digit of (-118677)/(-153) + (-4)/6?
5
Suppose 28*f + 23220 = 33*f. Suppose -7*t + f = 11*t. What is the tens digit of t?
5
Let o = 296 - -233. What is the tens digit of o?
2
Let g = 22 - 10. Let k be 32/(-6) + 16/g. Let v(w) = 3*w**2 + 5*w. What is the tens digit of v(k)?
2
Let n(a) = -a**3 + 2*a**2 - 2*a + 6. Let z be n(4). Let j = 10 + z. Let o = j + 55. What is the units digit of o?
1
Suppose 3*b - 1414 - 134 = 0. What is the tens digit of b?
1
Suppose -2*q = 16 - 0. Let y be (q - -10)/(4/6). Suppose 21 = y*c - 3*n, -n - 9 = -2*c + 3. What is the units digit of c?
5
Let i = 18 + -38. Let z = 20 + i. What is the tens digit of (4 - z) + (-4 - -37)?
3
Let n = -64 + 68. Suppose -4*g - 4*p + p - 1 = 0, 2*g = p - 3. Let w = n + g. What is the units digit of w?
3
Suppose -5*k - 1 = -5*m - 2*k, -2*m + 4*k = 8. Let o(x) = -x**2 + x + m + 6*x**2 + x**2. What is the tens digit of o(-2)?
2
Suppose -251 = -3*g - 3*q + 3619, 0 = 4*g + q - 5145. What is the hundreds digit of g?
2
Let t(b) = 5*b - 6. Let a(m) be the third derivative of -m**6/120 + 3*m**5/20 + m**4/24 + m**3 - 2*m**2. Let z be a(9). What is the tens digit of t(z)?
6
Suppose -y + 68*t = 69*t - 3047, 3*y + 5*t = 9139. What is the hundreds digit of y?
0
Let k = 2052 + -241. What is the hundreds digit of k?
8
Let b(f) = -f**2 + 6*f - 7. Let o be b(5). Let k be o/(-3)*3/2. Suppose m - 22 + k = 0. What is the tens digit of m?
2
Suppose -48*p + 248 = -44*p. Suppose p = a - 52. What is the tens digit of a?
1
Suppose 6084 = 10*d + 1814. What is the tens digit of d?
2
Let d be 33/12 + 6/(-8). Suppose -k - d*n + 2 = 0, -10 = -5*k - 0*k + 5*n. Suppose 4*s - 92 = k*s. What is the tens digit of s?
4
What is the tens digit of 36/(-2)*(7565/(-34) + 22)?
0
Let z(v) = v**3 + 34*v**2 - 3*v + 78. What is the tens digit of z(-29)?
7
Let p be 0/(2/(-4)*4). Suppose u - 270 = -5*c, u = -p*u. Suppose -c = -4*o + o. What is the units digit of o?
8
Let o(j) = -j**3 + 13*j**2 - 12*j - 8. Let z be o(12). Let y be 3*z/36*3. Let m = 22 - y. What is the tens digit of m?
2
Suppose 0 = 5*b - 5*w + w - 12, -16 = -5*b + 2*w. Let v be b + (-46)/(-1) - 0. Let z = v + -4. What is the tens digit of z?
4
Let p be 5*((-84)/15)/(-2). Let m be p/2*4/7. Suppose 2*g = 2*h + 1 + 1, m*h - 20 = -4*g. What is the units digit of g?
3
Let l be (5 - 4)/(1/5). Let z be (4 + -1)/(6/10). What is the units digit of z/l*40 - 0?
0
Let d(x) = -2*x + x**2 + 3*x + 2 + 7*x. Let n be d(-6). What is the units digit of (2 - 7)*n/2?
5
Let u = 2128 + -1124. What is the tens digit of u?
0
What is the tens digit of (-16)/6 + (90057/9)/11?
0
Suppose -8*i + 5*i = 5*g - 11599, 4*g + 3*i - 9278 = 0. What is the tens digit of g?
2
Suppose -2*u + 6 = 0, 0*u = 5*s + u - 15813. What is the units digit of s?
2
Let v(d) = 22*d + 166. What is the tens digit of v(-6)?
3
Suppose 5*a - 259 = -3*m + 503, -2*a = 3*m - 753. Suppose 0 = -5*b - 14 + m. Let h = 106 - b. What is